*o**2 - 103*o + 1. Determine b(4).
5
Let q(z) = -2*z - 55. Calculate q(-27).
-1
Let n(a) = a**3 + 2*a**2 - 10*a + 8. Give n(2).
4
Let j(x) = -x**2 + 39. Give j(6).
3
Let g(b) = -b**3 - 7*b**2 - 4*b + 19. Calculate g(-6).
7
Let n(v) = -2*v**3 + 12*v**2 - 5*v + 1. Determine n(5).
26
Let w(n) = -n**3 + n**2 + 118. Give w(0).
118
Let g(u) = -2*u**2 - 13*u + 19. Calculate g(-8).
-5
Let q(o) = o**3 + 11*o**2 + 12*o - 2. What is q(-10)?
-22
Let c(y) = -3*y**2 + 22*y - 11. Give c(7).
-4
Let o(n) = n**3 - 5*n**2 - 3*n + 8. Give o(5).
-7
Let q(u) = 13*u - 22. What is q(2)?
4
Let m(x) = -x + 12. Determine m(4).
8
Let k(w) = 37*w + 511. Determine k(-14).
-7
Let x(l) = l**3 - 18*l**2 + 14*l + 61. Determine x(17).
10
Let x(v) = -v**3 - 3*v**2 - 2*v + 3. Give x(-4).
27
Let y(m) = -3*m**2 + m + 1. Calculate y(-1).
-3
Let y(p) = 23*p - 22. Give y(1).
1
Let h(o) = -4*o - 5. What is h(-3)?
7
Let h(k) = -k**3 - 11*k**2 - 10*k + 1. Give h(-10).
1
Let q(y) = -19*y + 30. Give q(5).
-65
Let r(q) = 4*q**2 + 28*q - 13. Calculate r(-7).
-13
Let f(q) = -2*q - 56. Determine f(-33).
10
Let w(v) = -8*v - 27. Determine w(-5).
13
Let n(k) = 5*k + 64. Give n(-14).
-6
Let t(u) = 2*u**3 + 2*u**2 - 12*u - 1. Determine t(3).
35
Let h(s) = -5*s**2 - 7*s - 9. What is h(-2)?
-15
Let w(h) = h**3 - 5*h**2 + 10*h - 30. What is w(4)?
-6
Let p(g) = g**2 + 14*g - 34. Calculate p(-15).
-19
Let p(l) = -l - 3. Give p(-14).
11
Let q(s) = -s**3 + 4*s**2 + 4*s + 4. Determine q(5).
-1
Let x(q) = -2*q**3 - q**2 + q - 3. Give x(3).
-63
Let l(p) = -p**2 + 11*p + 12. Give l(11).
12
Let v(z) = 2*z**2 - 11*z - 10. What is v(6)?
-4
Let t(p) = -32*p - 2. Calculate t(-1).
30
Let l(r) = 2*r**2 - 11*r - 11. Give l(-4).
65
Let p(k) = -k**2 + 2*k - 28. What is p(5)?
-43
Let n(h) = -h**3 + 9*h**2 + 13*h - 14. Calculate n(10).
16
Let a(p) = -p**3 + 5*p**2 + 8*p - 9. Calculate a(6).
3
Let p(y) = 3*y - 13. Give p(8).
11
Let k(j) = 8*j**3 - j**2 + j. Determine k(1).
8
Let b(y) = -y**2 + y - 3. What is b(2)?
-5
Let v(b) = 9*b - 1. What is v(-1)?
-10
Let g(z) = 2*z**2 + 6*z + 9. What is g(-4)?
17
Let p(g) = 3*g**2 - 16*g - 18. What is p(8)?
46
Let p(w) = -w**3 + 2*w**2 + 2. Determine p(-3).
47
Let i(l) = 2*l**2 - 8*l + 3. Calculate i(4).
3
Let h(n) = -2*n**2 - 30*n - 93. Determine h(-4).
-5
Let i(m) = m**2 - 16*m + 80. Determine i(10).
20
Let l(w) = -19*w - 75. Give l(-6).
39
Let j(i) = i + 15. Calculate j(-16).
-1
Let p(u) = -7*u - 15. Calculate p(-6).
27
Let a(g) = -g**2 + 3*g - 6. What is a(8)?
-46
Let l(u) = u**3 - 7*u**2 - 11*u + 12. Determine l(8).
-12
Let x(q) = -29*q - 12. Determine x(-1).
17
Let r(t) = 2*t - 10. Calculate r(9).
8
Let a(p) = p + 13. Give a(-8).
5
Let g(n) = -14*n - 7. Determine g(-2).
21
Let d(w) = -2*w**2 + w. What is d(-4)?
-36
Let c(s) = -s + 14. What is c(14)?
0
Let f(g) = -3*g**2 + 17*g + 1. Determine f(10).
-129
Let h(z) = 20*z + 7. What is h(-1)?
-13
Let m(p) = p**3 + 10*p**2 + 6*p + 11. Give m(-9).
38
Let v(d) = 7*d. Give v(-2).
-14
Let s(w) = w + 9. What is s(12)?
21
Let r(s) = -21*s - 6. Give r(7).
-153
Let f(v) = v**3 - 9*v**2 - v + 7. Determine f(6).
-107
Let n(x) = x**2 - 17*x - 19. Give n(18).
-1
Let c(s) = 94*s - 88. What is c(1)?
6
Let h(u) = 5*u + 42. Give h(-9).
-3
Let r(h) = h**2 - 4*h - 19. Calculate r(12).
77
Let v(r) = -r**3 + 7*r**2 + 5*r + 9. Give v(7).
44
Let f(b) = -7*b**3 + 14*b**2 - 11*b - 3. What is f(1)?
-7
Let m(z) = -z + 6. Give m(-12).
18
Let i(h) = h**3 - 7*h**2 - 6*h - 17. What is i(8)?
-1
Let f(u) = -7*u - 2. Calculate f(1).
-9
Let c(w) = 2*w + 2. Give c(3).
8
Let r(i) = i**3 - 4*i**2 - i - 5. Give r(4).
-9
Let z(k) = 5*k**3 + 40*k**2 + k + 10. Determine z(-8).
2
Let m(v) = -v**2 - v - 3. Calculate m(-3).
-9
Let p(w) = -w + 3. What is p(2)?
1
Let h(x) = x**3 - 4*x**2 - 20*x - 22. Give h(7).
-15
Let a(q) = -3*q**2 + 15*q - 14. What is a(5)?
-14
Let i(w) = -3*w**3 - 5*w**2 - 7*w - 9. Calculate i(-2).
9
Let q(x) = -x**2 + 6*x + 82. Determine q(12).
10
Let s(n) = n**2 + 14*n. Determine s(-15).
15
Let y(u) = 9*u + 149. Give y(-16).
5
Let g(j) = -2*j**3 + 9*j**2 + 6*j + 2. Calculate g(3).
47
Let f(w) = -3*w**2 + 27*w + 3. Give f(9).
3
Let b(k) = -k**3 + 13*k**2 + 31*k - 24. Calculate b(15).
-9
Let k(l) = -l**2 - l - 1. What is k(-7)?
-43
Let x(j) = j + 4. Give x(4).
8
Let i(m) = m**3 - 12*m**2 - 8*m - 17. What is i(13)?
48
Let l(o) = -2*o**3 + o**2 - 3*o + 2. Give l(1).
-2
Let r(b) = b**2 + 13*b + 16. Calculate r(-14).
30
Let t(q) = -4*q. Give t(2).
-8
Let b(a) = a**3 - 5*a**2 - a - 6. Determine b(5).
-11
Let a(b) = 6*b - 1. Determine a(-2).
-13
Let i(p) = -2*p**3 - 3*p**2 - 7*p - 13. Calculate i(-2).
5
Let i(q) = q**2 - 13*q + 36. Determine i(15).
66
Let d(m) = m**2 + 9*m - 15. Give d(-9).
-15
Let l(o) = 2*o**2 + 18*o + 18. Give l(-8).
2
Let g(l) = l**3 + 6*l**2 - 3*l - 11. Calculate g(-6).
7
Let u(k) = 5*k + 40. Give u(-8).
0
Let d(o) = -2*o + 38. Determine d(19).
0
Let b(z) = -z**3 - 19*z**2 + 20*z - 23. Give b(-20).
-23
Let d(p) = p**2 - 4*p - 5. What is d(6)?
7
Let u(b) = -2*b - 29. What is u(7)?
-43
Let g(l) = -3*l**2 - 10*l + 1. Calculate g(-7).
-76
Let y(x) = 3*x - 42. Calculate y(16).
6
Let t(n) = -n**2 - 16*n - 14. Determine t(-15).
1
Let l(h) = h**3 - h**2 + h - 1. Calculate l(-2).
-15
Let q(g) = 19*g - 118. Give q(6).
-4
Let m(n) = 10*n**3 - 2*n**2 + n + 2. Determine m(-1).
-11
Let m(k) = -27*k + 2. Determine m(2).
-52
Let z(k) = -16*k + 11. Calculate z(-1).
27
Let c(b) = 2*b**3 + 37*b**2 - 17*b + 41. Calculate c(-19).
3
Let w(t) = 2*t - 12. What is w(4)?
-4
Let b(p) = -4*p**2 + 39*p + 18. Give b(10).
8
Let z(p) = 2*p**3 - 16*p**2 + 19*p - 14. Calculate z(7).
21
Let q(a) = a**2 - 60*a + 170. Determine q(57).
-1
Let i(v) = 2*v**3 - 3*v**2 - 7*v - 4. Calculate i(-2).
-18
Let r(u) = -4*u - 19. Determine r(-7).
9
Let h(s) = -2*s**3 - 19*s**2 - 39*s + 3. Calculate h(-3).
3
Let o(u) = 6*u**2 - 2*u - 5. What is o(2)?
15
Let p(c) = -c**3 + c**2 - 5*c + 8. What is p(3)?
-25
Let g(s) = s**3 + 10*s**2 + s + 11. What is g(-10)?
1
Let h(v) = v**3 - 37*v**2 + v + 41. Determine h(37).
78
Let p(d) = -d**2 - 4*d. Calculate p(-3).
3
Let d(o) = -2*o**2 - 9*o + 58. What is d(-8)?
2
Let t(q) = 2*q + 14. Determine t(-11).
-8
Let l(i) = -i**3 - 9*i**2 + 7*i + 60. Give l(-9).
-3
Let u(m) = m**3 - 10*m**2 + 8. Determine u(10).
8
Let c(n) = -n**2 - 2*n + 25. Determine c(0).
25
Let g(k) = -27*k**2 + 17*k + 16. Calculate g(-1).
-28
Let w(d) = -7*d**2 - 3*d. Calculate w(-3).
-54
Let m(q) = q**2 - 3*q - 26. What is m(-4)?
2
Let u(g) = g**3 - 11*g**2 - 9*g + 10. What is u(12)?
46
Let i(r) = r**3 - r**2 + 2*r - 17. What is i(0)?
-17
Let t(c) = -20*c - 63. Determine t(-3).
-3
Let a(x) = -7*x - 6. What is a(-17)?
113
Let b(r) = -r**3 - 5*r**2 + 4*r - 6. Give b(-6).
6
Let n(y) = -3*y**2 - 29*y + 10. Determine n(-9).
28
Let s(f) = -2*f**2 + 16*f + 21. Calculate s(9).
3
Let o(n) = -n**2 - 36. Give o(0).
-36
Let c(g) = g**2 - 3*g - 4. Determine c(-2).
6
Let r(u) = -u**2 + 4*u + 18. Calculate r(10).
-42
Let i(y) = -y + 19. Determine i(14).
5
Let f(m) = -m**3 + 19*m**2 + m - 23. Give f(19).
-4
Let r(z) = -5*z + 1. Determine r(2).
-9
Let o(v) = -19*v - 215. What is o(-10)?
-25
Let p(n) = 5*n**2 + 2*n + 34. Give p(0).
34
Let z(m) = 2*m**2 - 9*m + 9. Calculate z(5).
14
Let a(w) = w + 8. What is a(-9)?
-1
Let a(p) = p - 7. What is a(-28)?
-35
Let n(o) = 2*o - 6. Calculate n(2).
-2
Let x(g) = 3*g - 19. What is x(8)?
5
Let n(b) = -b**2 + 9*b - 19. Determine n(9).
-19
Let t(r) = r**2 + 24*r - 37. Calculate t(-26).
15
Let y(r) = -r**2 - 4*r + 16. Give y(3).
-5
Let h(p) = -p**2 + 15*p - 21. Calculate h(14).
-7
Let v(n) = 2*n**2 + 3*n - 52. Give v(-6).
2
Let h(l) = -l**2 - 3*l + 5. What is h(0)?
5
Let a(l) = -2*l - 2. Calculate a(9).
-20
Let t(i) = 5*i + 15. What is t(-9)?
-30
Let c(x) = -x**3 + 2*x**2 - 3*x + 3. Give c(4).
-41
Let l(t) = -t**2 - 9*t + 9. Give l(-9).
9
Let l(k) = -k**3 - 12*k**2 - 10*k - 6. Calculate l(-11).
-17
Let i(n) = 7*n + 18. What is i(7)?
67
Let a(k) = -k**3 + 6*k**2 - 11*k + 3. Give a(0).
3
Let f(i) = -i**2 - 15*i - 9. Determine f(-9).
45
Let a(j) = -9*j + 5. What is a(3)?
-22
Let o(b) = b**3 - 11*b**2 + 12*b - 9. Determine o(9).
-63
Let t(k) = k**3 - 6*k**2 + 9*k - 11. Determine t(6).
43
Let y(j) = 3*j - 4. Give y(-5).
-19
Let r(p) = -2*p**2 - 22*p - 12. Determine r(-